
Let x(g) = -g**3 + 10*g**2 + 9*g + 8. Determine x(11).
-14
Let p(i) = -i**2 + 14*i - 8. Give p(9).
37
Let b(q) = 87*q - 166. Determine b(2).
8
Let d(g) = 105*g - 1. Calculate d(-1).
-106
Let k(z) = z - 14. Give k(6).
-8
Let t(b) = b**2 - 12*b - 2. Give t(11).
-13
Let y(r) = -16*r + 194. What is y(13)?
-14
Let w(c) = -c**3 + 8*c**2 + 4*c - 20. What is w(8)?
12
Let w(g) = g**2 + 15*g + 22. Calculate w(-11).
-22
Let g(t) = 4*t - 109. Give g(25).
-9
Let b(k) = k**2 - 23*k + 142. Determine b(13).
12
Let b(d) = 8*d + 2. Give b(6).
50
Let i(k) = k**3 - 14*k**2 + 28*k - 6. Determine i(2).
2
Let y(q) = -30*q - 692. Calculate y(-23).
-2
Let h(i) = -3*i + 3. Give h(6).
-15
Let k(z) = -7*z**2 - 2*z. Determine k(2).
-32
Let f(u) = u - 6. Determine f(-7).
-13
Let y(v) = 3*v - 16. What is y(5)?
-1
Let j(c) = c - 86. Calculate j(25).
-61
Let v(z) = -z**3 - 6*z**2 + 17*z + 7. Calculate v(-8).
-1
Let j(y) = y**2 - 13*y - 13. What is j(14)?
1
Let u(g) = g**3 + 8*g**2 - 8. Calculate u(-8).
-8
Let j(a) = -a**2 + 17*a + 45. Determine j(20).
-15
Let f(v) = -4*v + 2. Determine f(9).
-34
Let h(c) = c**3 + 19*c**2 - 22*c - 45. What is h(-20)?
-5
Let w(o) = -5*o**2 - 355*o - 14. Give w(-71).
-14
Let u(h) = 2*h**3 + 4*h**2 - 5*h - 6. Determine u(-4).
-50
Let r(f) = -f**3 + 11*f**2 + 12*f + 4. Determine r(12).
4
Let v(r) = r**2 + 20*r + 18. Determine v(-20).
18
Let o(q) = -16*q - 20. What is o(-6)?
76
Let b(j) = j**2 - 20*j + 38. Calculate b(17).
-13
Let y(p) = -10*p - 142. What is y(-16)?
18
Let h(l) = -l**3 + 17*l**2 - 2*l + 39. Calculate h(17).
5
Let j(h) = -16*h**3 + 2*h**2 + h + 1. Give j(-1).
18
Let l(i) = 6*i**2 + 3*i + 2. Calculate l(-1).
5
Let j(u) = u**2 + 3*u. Calculate j(-2).
-2
Let f(r) = -r**3 - 9*r**2 - 6*r - 4. Determine f(-8).
-20
Let t(s) = -3*s**2 + 24*s + 6. What is t(8)?
6
Let a(l) = 43*l**2 + l. What is a(1)?
44
Let y(g) = -g - 2. Give y(-11).
9
Let f(k) = -13*k + 9. Determine f(0).
9
Let l(c) = -c**2 + 15*c - 3. Give l(15).
-3
Let l(h) = -h**2 + 20*h - 25. Give l(18).
11
Let f(u) = -u**2 - 13*u - 8. What is f(-10)?
22
Let q(r) = -3*r - 13. What is q(-11)?
20
Let a(o) = -112*o + 570. Determine a(5).
10
Let c(f) = -f**3 - 2*f**2 - 2*f. Give c(-2).
4
Let i(w) = -w**3 + 2*w**2 - 9*w + 19. Calculate i(2).
1
Let r(c) = -15*c + 4. Calculate r(-2).
34
Let h(t) = -t**3 - 4*t**2 + 3*t. Determine h(-2).
-14
Let l(a) = 6*a + 26. Determine l(-5).
-4
Let t(f) = f**3 + f**2 + 4*f - 1. Give t(-3).
-31
Let g(v) = -v**2 + 2*v + 39. Give g(0).
39
Let u(l) = -4*l**2 - 3*l - 3. Determine u(-2).
-13
Let l(i) = -2*i**2 + 2. Give l(3).
-16
Let g(n) = n**3 - n**2 + 2*n - 1. What is g(3)?
23
Let v(c) = -c**2 - 14*c + 6. Determine v(-10).
46
Let q(i) = i**2 - 12*i - 18. Determine q(14).
10
Let g(a) = -a**2 - 6*a + 2. Determine g(-5).
7
Let v(j) = -j**3 - j**2 + 19. Calculate v(0).
19
Let r(t) = t + 43. Determine r(20).
63
Let k(i) = -i**2 - 7*i - 3. Determine k(-6).
3
Let p(j) = j**3 + 6*j**2 - 4*j - 5. What is p(2)?
19
Let y(z) = -9*z - 75. Determine y(-7).
-12
Let d(j) = -j**2 - 11*j - 10. Give d(-11).
-10
Let n(d) = -11*d + 9. Give n(1).
-2
Let k(v) = -43*v + 305. Determine k(7).
4
Let u(x) = -5*x. What is u(-4)?
20
Let r(c) = 3*c - 2. Give r(-8).
-26
Let c(f) = -2*f - 4. Give c(-2).
0
Let v(s) = -3*s - 3. What is v(-6)?
15
Let n(b) = b**2 - 5*b - 5. Calculate n(3).
-11
Let s(o) = -o**3 - 12*o**2 - 12*o + 23. What is s(-10)?
-57
Let i(m) = -3*m + 30. What is i(6)?
12
Let m(f) = 36*f - 224. Calculate m(6).
-8
Let i(k) = -16*k**2 + 2*k + 3. Give i(-2).
-65
Let f(t) = -27*t + 111. Determine f(4).
3
Let v(y) = 26*y - 102. Calculate v(3).
-24
Let p(v) = v**2 - 11*v + 5. What is p(12)?
17
Let q(b) = 3*b**2 + 152*b + 106. Calculate q(-50).
6
Let j(s) = -4*s**2 - 3*s - 2. Give j(-3).
-29
Let n(m) = m**3 + 3*m**2 + 3*m + 3. Calculate n(-4).
-25
Let l(y) = -y**2 - 11*y + 71. Give l(5).
-9
Let w(u) = u**3 - 4*u**2 - 9*u + 10. Calculate w(5).
-10
Let x(k) = k**3 + 13*k**2 - 15*k + 30. What is x(-14)?
44
Let r(w) = -5*w**2 + 14*w + 1. Give r(6).
-95
Let w(p) = p**2 - 21*p + 32. Give w(20).
12
Let o(q) = 45*q - 27. Determine o(-2).
-117
Let r(t) = t**2 + 45*t - 91. Determine r(-47).
3
Let a(w) = w**2 + 9*w. Calculate a(-9).
0
Let o(z) = z**3 - 4*z**2 + 4*z. Determine o(3).
3
Let v(r) = r**3 - 18*r**2 + 10*r + 11. Determine v(17).
-108
Let c(h) = h + 33. Give c(-11).
22
Let w(j) = j**3 + 9*j**2 + 10*j + 22. Calculate w(-8).
6
Let l(t) = t - 1. Give l(6).
5
Let f(t) = t**3 + 7*t**2 + 4*t - 7. What is f(-6)?
5
Let y(n) = 4*n - 85. What is y(23)?
7
Let g(k) = 7*k + 111. Give g(-17).
-8
Let k(j) = j + 28. What is k(0)?
28
Let y(b) = -b**3 - 25*b**2 - 10*b - 255. Give y(-25).
-5
Let h(d) = 12*d - 129. Give h(12).
15
Let o(a) = a**2 - 9*a - 9. Calculate o(10).
1
Let u(l) = 4*l**2 + 21*l - 22. Determine u(-6).
-4
Let w(n) = n - 1. Give w(-5).
-6
Let c(q) = 10*q + 2. Determine c(-2).
-18
Let f(h) = 88*h - 359. Determine f(4).
-7
Let o(d) = 4*d**3 - 6*d**2 + 6*d + 2. Give o(2).
22
Let w(a) = -a**3 + 3*a**2 + 12. Give w(4).
-4
Let y(h) = h**2 - 36*h + 75. Calculate y(34).
7
Let u(n) = -2*n - 27. What is u(-12)?
-3
Let m(s) = -s**3 + 21*s**2 + s - 51. Calculate m(21).
-30
Let w(i) = -i**3 + 4*i**2 + 18*i + 21. Determine w(7).
0
Let g(q) = -q**3 + q**2 + 6*q + 7. Give g(-5).
127
Let p(r) = -3*r + 5. Give p(0).
5
Let p(g) = 2*g**2 - 35*g - 43. Determine p(19).
14
Let q(d) = -5*d**3 + 109*d**2 + 24*d - 48. Give q(22).
-4
Let f(g) = g**3 + 10*g**2 + 5*g - 12. Give f(-9).
24
Let w(r) = -r**2 - 21*r - 2. What is w(-21)?
-2
Let n(x) = -x**3 + 10*x**2 + 7*x + 2. Determine n(10).
72
Let p(z) = z**3 - z**2 - 3*z - 89. Determine p(0).
-89
Let c(k) = -3*k**2 - 13*k - 4. Calculate c(-3).
8
Let k(m) = -5*m + 14. What is k(4)?
-6
Let i(f) = f**2 - 7*f - 20. Give i(9).
-2
Let u(o) = -2*o - 1. Give u(-8).
15
Let h(r) = -4*r + 3. Give h(-3).
15
Let d(v) = -v**2 - 3*v - 2. Calculate d(-4).
-6
Let j(l) = -9*l**3 + 2*l - 1. Determine j(1).
-8
Let k(f) = -63*f + 499. What is k(8)?
-5
Let i(p) = -p - 17. Give i(-21).
4
Let i(b) = 4*b + 16. Give i(-4).
0
Let z(h) = -2*h**3 + 4*h**2 - 4*h + 3. Give z(2).
-5
Let r(h) = -5*h + 96. What is r(18)?
6
Let a(h) = h**3 - h**2 + h + 14. Calculate a(0).
14
Let w(g) = -2*g + 2. Determine w(7).
-12
Let l(h) = -h**2 + 6*h - 4. Calculate l(6).
-4
Let x(d) = d**2 - 3*d - 4. What is x(4)?
0
Let b(p) = 2*p + 66. Give b(-21).
24
Let q(u) = -u**3 + 27*u**2 - 27*u + 26. Determine q(26).
0
Let q(d) = -5*d - 13. Calculate q(-9).
32
Let f(m) = -7*m**3 - 3*m**2 - m + 4. Determine f(-2).
50
Let d(i) = i**3 - 8*i**2 + 6*i + 21. What is d(7)?
14
Let i(p) = -p**3 - 3*p**2 + 4*p + 6. What is i(-4)?
6
Let c(r) = -2*r**2 - r - 4. What is c(-3)?
-19
Let v(n) = 29*n + 7. Calculate v(2).
65
Let d(b) = -b + 10. Determine d(11).
-1
Let d(y) = -y**2 + y - 8. Determine d(0).
-8
Let z(k) = 12*k - 48. Determine z(3).
-12
Let x(l) = -l**3 - 7*l**2 - 2*l + 6. Determine x(-6).
-18
Let f(p) = -11*p**3 - 3*p**2 + p + 1. Determine f(1).
-12
Let m(i) = i**3 + 6*i**2 - i - 5. Calculate m(-6).
1
Let p(v) = -25*v + 11. Give p(1).
-14
Let d(c) = c**3 - 15*c**2 + 11*c + 41. Determine d(14).
-1
Let p(i) = i**3 + 10*i**2 + 2*i + 12. Determine p(-10).
-8
Let i(k) = -6*k - 112. Determine i(-20).
8
Let z(i) = i**3 + 2*i - 53. Determine z(0).
-53
Let t(v) = 92*v - 10. Calculate t(1).
82
Let c(j) = -11*j**3 - 20*j**2 - 2*j - 1. What is c(-2)?
11
Let t(r) = -21*r + 389. Give t(18).
11
Let t(z) = -2*z + 7. Give t(6).
-5
Let c(d) = -27*d + 38. Determine c(4).
-70
Let t(i) = i**2 + 11*i + 9. Determine t(-8).
-15
Let a(k) = k**3 - k + 12. Give a(0).
12
Let k(g) = -g**2 + 8*g + 2. Calculate k(7).
9
Let g(i) = i**3 + 7*i**2 + 7*i + 16. What is g(-6)?
10
Let d(b) = -6*b**2 - b. Give d(-3).
-51
Let k(w) = -7*w - 45. Give k(-9).
18
Let v(o) = -2*o**2 + 4*o - 5. What is v(1)?
-3
Let w(m) = -m + 15. Calculate w(14).
1
Let n(o) = -10*o + 25. Give n(5).
-25
Let f(s) = s**3 - s**2 + s - 4. What is f(2)?
2
Let i(z) = z**2 + 13*z - 49. What is i(4)?
19
Let l(h) = h**2 + 2*h - 9. Give l(6).
39
Let k(u) = 2*u**3 + 94*u**2 - 95*u + 46. Give k(-48).
-2
Let j(a) = -a**3 + 9*a**2 + 14*a - 3. Determine j(11).
-91
Let i(g) = -g**2 - 2*g + 27. What is i(4)?
3
Let j(i) = i**2 - 9*i + 5. Calculate j(4).
-15
Let m(r) = r**2 + 2*r + 4. What is m(-4)?
12
